{"id":1570,"date":"2023-07-02T10:17:58","date_gmt":"2023-07-02T08:17:58","guid":{"rendered":"https:\/\/krnica-villa-ana.com\/?page_id=1570"},"modified":"2023-07-02T10:19:19","modified_gmt":"2023-07-02T08:19:19","slug":"dobrodosli","status":"publish","type":"page","link":"https:\/\/krnica-villa-ana.com\/index.php\/hr\/dobrodosli\/","title":{"rendered":"Dobrodo\u0161li"},"content":{"rendered":"<div class=\"wp-block-image\">\n<figure class=\"aligncenter size-large\"><img fetchpriority=\"high\" decoding=\"async\" width=\"1024\" height=\"576\" src=\"https:\/\/krnica-villa-ana.com\/wp-content\/uploads\/2023\/07\/Photo_acceuil_2-1024x576.png\" alt=\"\" class=\"wp-image-1571\" srcset=\"https:\/\/krnica-villa-ana.com\/wp-content\/uploads\/2023\/07\/Photo_acceuil_2-1024x576.png 1024w, https:\/\/krnica-villa-ana.com\/wp-content\/uploads\/2023\/07\/Photo_acceuil_2-300x169.png 300w, https:\/\/krnica-villa-ana.com\/wp-content\/uploads\/2023\/07\/Photo_acceuil_2-768x432.png 768w, https:\/\/krnica-villa-ana.com\/wp-content\/uploads\/2023\/07\/Photo_acceuil_2-1536x864.png 1536w, https:\/\/krnica-villa-ana.com\/wp-content\/uploads\/2023\/07\/Photo_acceuil_2-2048x1152.png 2048w\" sizes=\"(max-width: 1024px) 100vw, 1024px\" \/><\/figure>\n<\/div>\n\n\n<blockquote class=\"wp-block-quote is-layout-flow wp-block-quote-is-layout-flow\">\n<p>U srcu prekrasnog podru\u010dja Istre, na\u0161a obitelj je bila o\u010darana \u0161armom predivne tipi\u010dne istarske kamene ku\u0107e smje\u0161tene u \u0161armantnom selu u Hrvatskoj, smje\u0161tenom uz obalu Jadranskog mora. Ova ku\u0107a je puno vi\u0161e od obi\u010dnog mjesta boravka. To je do\u017eivljaj koji spaja tradicionalni \u0161arm, modernu udobnost, pogled na more i blizinu netaknute prirode. Bilo da je to obiteljski odmor, romanti\u010dno bijeg ili mirna povla\u010denja, ova ku\u0107a pru\u017ea uto\u010di\u0161te mira gdje se mo\u017eete opustiti, povezati s okolnom prirodom i stvoriti nezaboravne uspomene. Sigurni smo da \u0107ete i vi zaljubiti u ovo podru\u010dje!<\/p>\n<\/blockquote>\n","protected":false},"excerpt":{"rendered":"<p>U srcu prekrasnog podru\u010dja Istre, na\u0161a obitelj je bila o\u010darana \u0161armom predivne tipi\u010dne istarske kamene ku\u0107e smje\u0161tene u \u0161armantnom selu u Hrvatskoj, smje\u0161tenom uz obalu Jadranskog mora. Ova ku\u0107a je puno vi\u0161e od obi\u010dnog mjesta boravka. To je do\u017eivljaj koji spaja tradicionalni \u0161arm, modernu udobnost, pogled na more i blizinu netaknute prirode. Bilo da je [&hellip;]<\/p>\n","protected":false},"author":1,"featured_media":0,"parent":0,"menu_order":0,"comment_status":"closed","ping_status":"closed","template":"","meta":{"_monsterinsights_skip_tracking":false,"_monsterinsights_sitenote_active":false,"_monsterinsights_sitenote_note":"","_monsterinsights_sitenote_category":0,"footnotes":""},"class_list":["post-1570","page","type-page","status-publish","hentry"],"_links":{"self":[{"href":"https:\/\/krnica-villa-ana.com\/index.php\/wp-json\/wp\/v2\/pages\/1570","targetHints":{"allow":["GET"]}}],"collection":[{"href":"https:\/\/krnica-villa-ana.com\/index.php\/wp-json\/wp\/v2\/pages"}],"about":[{"href":"https:\/\/krnica-villa-ana.com\/index.php\/wp-json\/wp\/v2\/types\/page"}],"author":[{"embeddable":true,"href":"https:\/\/krnica-villa-ana.com\/index.php\/wp-json\/wp\/v2\/users\/1"}],"replies":[{"embeddable":true,"href":"https:\/\/krnica-villa-ana.com\/index.php\/wp-json\/wp\/v2\/comments?post=1570"}],"version-history":[{"count":2,"href":"https:\/\/krnica-villa-ana.com\/index.php\/wp-json\/wp\/v2\/pages\/1570\/revisions"}],"predecessor-version":[{"id":1573,"href":"https:\/\/krnica-villa-ana.com\/index.php\/wp-json\/wp\/v2\/pages\/1570\/revisions\/1573"}],"wp:attachment":[{"href":"https:\/\/krnica-villa-ana.com\/index.php\/wp-json\/wp\/v2\/media?parent=1570"}],"curies":[{"name":"wp","href":"https:\/\/api.w.org\/{rel}","templated":true}]}}

Dobrodošli

<div class="wp-block-image">
<figure class="aligncenter size-large"><img fetchpriority="high" decoding="async" width="1024" height="576" src="https://krnica-villa-ana.com/wp-content/uploads/2023/07/Photo_acceuil_2-1024x576.png" alt="" class="wp-image-1571" srcset="https://krnica-villa-ana.com/wp-content/uploads/2023/07/Photo_acceuil_2-1024x576.png 1024w, https://krnica-villa-ana.com/wp-content/uploads/2023/07/Photo_acceuil_2-300x169.png 300w, https://krnica-villa-ana.com/wp-content/uploads/2023/07/Photo_acceuil_2-768x432.png 768w, https://krnica-villa-ana.com/wp-content/uploads/2023/07/Photo_acceuil_2-1536x864.png 1536w, https://krnica-villa-ana.com/wp-content/uploads/2023/07/Photo_acceuil_2-2048x1152.png 2048w" sizes="(max-width: 1024px) 100vw, 1024px" /></figure>
</div>


<blockquote class="wp-block-quote is-layout-flow wp-block-quote-is-layout-flow">
<p>U srcu prekrasnog područja Istre, naša obitelj je bila očarana šarmom predivne tipične istarske kamene kuće smještene u šarmantnom selu u Hrvatskoj, smještenom uz obalu Jadranskog mora. Ova kuća je puno više od običnog mjesta boravka. To je doživljaj koji spaja tradicionalni šarm, modernu udobnost, pogled na more i blizinu netaknute prirode. Bilo da je to obiteljski odmor, romantično bijeg ili mirna povlačenja, ova kuća pruža utočište mira gdje se možete opustiti, povezati s okolnom prirodom i stvoriti nezaboravne uspomene. Sigurni smo da ćete i vi zaljubiti u ovo područje!</p>
</blockquote>

<p>U srcu prekrasnog područja Istre, naša obitelj je bila očarana šarmom predivne tipične istarske kamene kuće smještene u šarmantnom selu u Hrvatskoj, smještenom uz obalu Jadranskog mora. Ova kuća je puno više od običnog mjesta boravka. To je doživljaj koji spaja tradicionalni šarm, modernu udobnost, pogled na more i blizinu netaknute prirode. Bilo da je [&hellip;]</p>
