{"id":1618,"date":"2023-07-02T11:46:43","date_gmt":"2023-07-02T09:46:43","guid":{"rendered":"https:\/\/krnica-villa-ana.com\/?page_id=1618"},"modified":"2023-07-02T11:47:40","modified_gmt":"2023-07-02T09:47:40","slug":"bazen","status":"publish","type":"page","link":"https:\/\/krnica-villa-ana.com\/index.php\/hr\/bazen\/","title":{"rendered":"Bazen"},"content":{"rendered":"<div class=\"wp-block-image\">\n<figure class=\"aligncenter size-large\"><img fetchpriority=\"high\" decoding=\"async\" width=\"1024\" height=\"591\" src=\"https:\/\/krnica-villa-ana.com\/wp-content\/uploads\/2023\/07\/Pool-3-1024x591.png\" alt=\"\" class=\"wp-image-1619\" srcset=\"https:\/\/krnica-villa-ana.com\/wp-content\/uploads\/2023\/07\/Pool-3-1024x591.png 1024w, https:\/\/krnica-villa-ana.com\/wp-content\/uploads\/2023\/07\/Pool-3-300x173.png 300w, https:\/\/krnica-villa-ana.com\/wp-content\/uploads\/2023\/07\/Pool-3-768x443.png 768w, https:\/\/krnica-villa-ana.com\/wp-content\/uploads\/2023\/07\/Pool-3-1536x887.png 1536w, https:\/\/krnica-villa-ana.com\/wp-content\/uploads\/2023\/07\/Pool-3-2048x1182.png 2048w\" sizes=\"(max-width: 1024px) 100vw, 1024px\" \/><\/figure>\n<\/div>\n\n\n<hr class=\"wp-block-separator has-alpha-channel-opacity\"\/>\n\n\n\n<div class=\"wp-block-getwid-images-slider has-arrows-inside has-dots-inside has-images-center\"><div class=\"wp-block-getwid-images-slider__wrapper\" data-effect=\"slide\" data-slides-show=\"1\" data-slides-show-laptop=\"1\" data-slides-show-tablet=\"1\" data-slides-show-mobile=\"1\" data-slides-scroll=\"1\" data-autoplay=\"false\" data-pause-hover=\"false\" data-autoplay-speed=\"6000\" data-infinite=\"true\" data-animation-speed=\"800\" data-center-mode=\"false\" data-variable-width=\"false\" data-arrows=\"inside\" data-dots=\"inside\" data-spacing=\"none\"><div class=\"wp-block-getwid-images-slider__item\"><figure><img decoding=\"async\" width=\"1024\" height=\"768\" src=\"https:\/\/krnica-villa-ana.com\/wp-content\/uploads\/2023\/06\/0DBB1238-5D24-439D-8BD4-A75B148016EB_1_105_c.jpeg\" alt=\"\" data-id=\"539\" class=\"wp-block-getwid-images-slider__image wp-image-539\" srcset=\"https:\/\/krnica-villa-ana.com\/wp-content\/uploads\/2023\/06\/0DBB1238-5D24-439D-8BD4-A75B148016EB_1_105_c.jpeg 1024w, https:\/\/krnica-villa-ana.com\/wp-content\/uploads\/2023\/06\/0DBB1238-5D24-439D-8BD4-A75B148016EB_1_105_c-300x225.jpeg 300w, https:\/\/krnica-villa-ana.com\/wp-content\/uploads\/2023\/06\/0DBB1238-5D24-439D-8BD4-A75B148016EB_1_105_c-768x576.jpeg 768w\" sizes=\"(max-width: 1024px) 100vw, 1024px\" \/><\/figure><\/div><div class=\"wp-block-getwid-images-slider__item\"><figure><img decoding=\"async\" width=\"1024\" height=\"768\" src=\"https:\/\/krnica-villa-ana.com\/wp-content\/uploads\/2023\/06\/3070EDB9-6C01-4EF7-8B71-E11A165C182D-1024x768.jpeg\" alt=\"\" data-id=\"538\" class=\"wp-block-getwid-images-slider__image wp-image-538\" srcset=\"https:\/\/krnica-villa-ana.com\/wp-content\/uploads\/2023\/06\/3070EDB9-6C01-4EF7-8B71-E11A165C182D-1024x768.jpeg 1024w, https:\/\/krnica-villa-ana.com\/wp-content\/uploads\/2023\/06\/3070EDB9-6C01-4EF7-8B71-E11A165C182D-300x225.jpeg 300w, https:\/\/krnica-villa-ana.com\/wp-content\/uploads\/2023\/06\/3070EDB9-6C01-4EF7-8B71-E11A165C182D-768x576.jpeg 768w, https:\/\/krnica-villa-ana.com\/wp-content\/uploads\/2023\/06\/3070EDB9-6C01-4EF7-8B71-E11A165C182D-1536x1152.jpeg 1536w, https:\/\/krnica-villa-ana.com\/wp-content\/uploads\/2023\/06\/3070EDB9-6C01-4EF7-8B71-E11A165C182D.jpeg 2048w\" sizes=\"(max-width: 1024px) 100vw, 1024px\" \/><\/figure><\/div><div class=\"wp-block-getwid-images-slider__item\"><figure><img loading=\"lazy\" decoding=\"async\" width=\"768\" height=\"1024\" src=\"https:\/\/krnica-villa-ana.com\/wp-content\/uploads\/2023\/06\/39824C61-C220-4B91-935A-815A19A56EA1_1_105_c.jpeg\" alt=\"\" data-id=\"536\" class=\"wp-block-getwid-images-slider__image wp-image-536\" srcset=\"https:\/\/krnica-villa-ana.com\/wp-content\/uploads\/2023\/06\/39824C61-C220-4B91-935A-815A19A56EA1_1_105_c.jpeg 768w, https:\/\/krnica-villa-ana.com\/wp-content\/uploads\/2023\/06\/39824C61-C220-4B91-935A-815A19A56EA1_1_105_c-225x300.jpeg 225w\" sizes=\"(max-width: 768px) 100vw, 768px\" \/><\/figure><\/div><div class=\"wp-block-getwid-images-slider__item\"><figure><img loading=\"lazy\" decoding=\"async\" width=\"1024\" height=\"768\" src=\"https:\/\/krnica-villa-ana.com\/wp-content\/uploads\/2023\/06\/AB4CB3D8-7F19-492A-995B-4D1547AA79A9_1_105_c.jpeg\" alt=\"\" data-id=\"530\" class=\"wp-block-getwid-images-slider__image wp-image-530\" srcset=\"https:\/\/krnica-villa-ana.com\/wp-content\/uploads\/2023\/06\/AB4CB3D8-7F19-492A-995B-4D1547AA79A9_1_105_c.jpeg 1024w, https:\/\/krnica-villa-ana.com\/wp-content\/uploads\/2023\/06\/AB4CB3D8-7F19-492A-995B-4D1547AA79A9_1_105_c-300x225.jpeg 300w, https:\/\/krnica-villa-ana.com\/wp-content\/uploads\/2023\/06\/AB4CB3D8-7F19-492A-995B-4D1547AA79A9_1_105_c-768x576.jpeg 768w\" sizes=\"(max-width: 1024px) 100vw, 1024px\" \/><\/figure><\/div><div class=\"wp-block-getwid-images-slider__item\"><figure><img loading=\"lazy\" decoding=\"async\" width=\"1024\" height=\"768\" src=\"https:\/\/krnica-villa-ana.com\/wp-content\/uploads\/2023\/06\/B0BFD89F-D2A3-40A6-BE13-C41427C8311D_1_105_c.jpeg\" alt=\"\" data-id=\"528\" class=\"wp-block-getwid-images-slider__image wp-image-528\" srcset=\"https:\/\/krnica-villa-ana.com\/wp-content\/uploads\/2023\/06\/B0BFD89F-D2A3-40A6-BE13-C41427C8311D_1_105_c.jpeg 1024w, https:\/\/krnica-villa-ana.com\/wp-content\/uploads\/2023\/06\/B0BFD89F-D2A3-40A6-BE13-C41427C8311D_1_105_c-300x225.jpeg 300w, https:\/\/krnica-villa-ana.com\/wp-content\/uploads\/2023\/06\/B0BFD89F-D2A3-40A6-BE13-C41427C8311D_1_105_c-768x576.jpeg 768w\" sizes=\"(max-width: 1024px) 100vw, 1024px\" \/><\/figure><\/div><div class=\"wp-block-getwid-images-slider__item\"><figure><img loading=\"lazy\" decoding=\"async\" width=\"1024\" height=\"768\" src=\"https:\/\/krnica-villa-ana.com\/wp-content\/uploads\/2023\/06\/EC4ABA13-0742-4D37-AF91-D8EA5B8FE196_1_105_c.jpeg\" alt=\"\" data-id=\"532\" class=\"wp-block-getwid-images-slider__image wp-image-532\" srcset=\"https:\/\/krnica-villa-ana.com\/wp-content\/uploads\/2023\/06\/EC4ABA13-0742-4D37-AF91-D8EA5B8FE196_1_105_c.jpeg 1024w, https:\/\/krnica-villa-ana.com\/wp-content\/uploads\/2023\/06\/EC4ABA13-0742-4D37-AF91-D8EA5B8FE196_1_105_c-300x225.jpeg 300w, https:\/\/krnica-villa-ana.com\/wp-content\/uploads\/2023\/06\/EC4ABA13-0742-4D37-AF91-D8EA5B8FE196_1_105_c-768x576.jpeg 768w\" sizes=\"(max-width: 1024px) 100vw, 1024px\" \/><\/figure><\/div><\/div><\/div>\n\n\n\n<hr class=\"wp-block-separator has-alpha-channel-opacity\"\/>\n\n\n\n<p>U\u017eivanje na bazenu vile tijekom odmora pod sjajnim hrvatskim suncem prava je bijeg u apsolutnu sre\u0107u. Topli sun\u010devi zraci miluju ko\u017eu dok svje\u017eina vode umiruje osjetila. Svaki skok u bazen je ponovno ro\u0111enje, trenutak opu\u0161tanja i osvje\u017eenja. Okru\u017een slikovitim i bujnim okoli\u0161em, u\u017eivanje na bazenu je iskustvo u kojem se vrijeme \u010dini zaustavljenim, pru\u017eaju\u0107i trenutak \u010distog u\u017eitka i blagostanja.<\/p>\n","protected":false},"excerpt":{"rendered":"<p>U\u017eivanje na bazenu vile tijekom odmora pod sjajnim hrvatskim suncem prava je bijeg u apsolutnu sre\u0107u. Topli sun\u010devi zraci miluju ko\u017eu dok svje\u017eina vode umiruje osjetila. Svaki skok u bazen je ponovno ro\u0111enje, trenutak opu\u0161tanja i osvje\u017eenja. Okru\u017een slikovitim i bujnim okoli\u0161em, u\u017eivanje na bazenu je iskustvo u kojem se vrijeme \u010dini zaustavljenim, pru\u017eaju\u0107i trenutak [&hellip;]<\/p>\n","protected":false},"author":1,"featured_media":0,"parent":0,"menu_order":0,"comment_status":"closed","ping_status":"closed","template":"","meta":{"_monsterinsights_skip_tracking":false,"_monsterinsights_sitenote_active":false,"_monsterinsights_sitenote_note":"","_monsterinsights_sitenote_category":0,"footnotes":""},"class_list":["post-1618","page","type-page","status-publish","hentry"],"_links":{"self":[{"href":"https:\/\/krnica-villa-ana.com\/index.php\/wp-json\/wp\/v2\/pages\/1618","targetHints":{"allow":["GET"]}}],"collection":[{"href":"https:\/\/krnica-villa-ana.com\/index.php\/wp-json\/wp\/v2\/pages"}],"about":[{"href":"https:\/\/krnica-villa-ana.com\/index.php\/wp-json\/wp\/v2\/types\/page"}],"author":[{"embeddable":true,"href":"https:\/\/krnica-villa-ana.com\/index.php\/wp-json\/wp\/v2\/users\/1"}],"replies":[{"embeddable":true,"href":"https:\/\/krnica-villa-ana.com\/index.php\/wp-json\/wp\/v2\/comments?post=1618"}],"version-history":[{"count":3,"href":"https:\/\/krnica-villa-ana.com\/index.php\/wp-json\/wp\/v2\/pages\/1618\/revisions"}],"predecessor-version":[{"id":2206,"href":"https:\/\/krnica-villa-ana.com\/index.php\/wp-json\/wp\/v2\/pages\/1618\/revisions\/2206"}],"wp:attachment":[{"href":"https:\/\/krnica-villa-ana.com\/index.php\/wp-json\/wp\/v2\/media?parent=1618"}],"curies":[{"name":"wp","href":"https:\/\/api.w.org\/{rel}","templated":true}]}}