{"id":1637,"date":"2023-07-02T12:02:30","date_gmt":"2023-07-02T10:02:30","guid":{"rendered":"https:\/\/krnica-villa-ana.com\/?page_id=1637"},"modified":"2024-07-14T21:08:23","modified_gmt":"2024-07-14T19:08:23","slug":"plaze","status":"publish","type":"page","link":"https:\/\/krnica-villa-ana.com\/index.php\/hr\/plaze\/","title":{"rendered":"Pla\u017ee"},"content":{"rendered":"\n<div class=\"wp-block-getwid-images-slider has-arrows-inside has-dots-inside has-images-center has-fitted-images has-fixed-height\"><div class=\"wp-block-getwid-images-slider__wrapper\" data-effect=\"slide\" data-slides-show=\"1\" data-slides-show-laptop=\"1\" data-slides-show-tablet=\"1\" data-slides-show-mobile=\"1\" data-slides-scroll=\"1\" data-autoplay=\"false\" data-autoplay-speed=\"6000\" data-infinite=\"true\" data-animation-speed=\"800\" data-center-mode=\"false\" data-variable-width=\"false\" data-arrows=\"inside\" data-dots=\"inside\" data-spacing=\"none\"><div class=\"wp-block-getwid-images-slider__item\" style=\"height:500px\"><figure><img decoding=\"async\" src=\"http:\/\/krnica-villa-ana.com\/wp-content\/uploads\/2023\/06\/IMG_5394.jpg\" data-id=\"1138\" data-link=\"https:\/\/krnica-villa-ana.com\/img_5394\/\" data-original-link=\"http:\/\/krnica-villa-ana.com\/wp-content\/uploads\/2023\/06\/IMG_5394.jpg\" class=\"wp-block-getwid-images-slider__image wp-image-1138\"\/><\/figure><\/div><div class=\"wp-block-getwid-images-slider__item\" style=\"height:500px\"><figure><img fetchpriority=\"high\" decoding=\"async\" width=\"2560\" height=\"1920\" src=\"http:\/\/krnica-villa-ana.com\/wp-content\/uploads\/2023\/06\/IMG_5484-1-scaled.jpg\" data-id=\"1137\" data-link=\"https:\/\/krnica-villa-ana.com\/img_5484-1\/\" data-original-link=\"http:\/\/krnica-villa-ana.com\/wp-content\/uploads\/2023\/06\/IMG_5484-1-scaled.jpg\" class=\"wp-block-getwid-images-slider__image wp-image-1137\" srcset=\"https:\/\/krnica-villa-ana.com\/wp-content\/uploads\/2023\/06\/IMG_5484-1-scaled.jpg 2560w, https:\/\/krnica-villa-ana.com\/wp-content\/uploads\/2023\/06\/IMG_5484-1-300x225.jpg 300w, https:\/\/krnica-villa-ana.com\/wp-content\/uploads\/2023\/06\/IMG_5484-1-1024x768.jpg 1024w, https:\/\/krnica-villa-ana.com\/wp-content\/uploads\/2023\/06\/IMG_5484-1-768x576.jpg 768w, https:\/\/krnica-villa-ana.com\/wp-content\/uploads\/2023\/06\/IMG_5484-1-1536x1152.jpg 1536w, https:\/\/krnica-villa-ana.com\/wp-content\/uploads\/2023\/06\/IMG_5484-1-2048x1536.jpg 2048w\" sizes=\"(max-width: 2560px) 100vw, 2560px\" \/><\/figure><\/div><div class=\"wp-block-getwid-images-slider__item\" style=\"height:500px\"><figure><img decoding=\"async\" src=\"http:\/\/krnica-villa-ana.com\/wp-content\/uploads\/2023\/06\/IMG_5368-1.jpg\" data-id=\"1134\" data-link=\"https:\/\/krnica-villa-ana.com\/img_5368-1\/\" data-original-link=\"http:\/\/krnica-villa-ana.com\/wp-content\/uploads\/2023\/06\/IMG_5368-1.jpg\" class=\"wp-block-getwid-images-slider__image wp-image-1134\"\/><\/figure><\/div><div class=\"wp-block-getwid-images-slider__item\" style=\"height:500px\"><figure><img decoding=\"async\" src=\"http:\/\/krnica-villa-ana.com\/wp-content\/uploads\/2023\/06\/IMG_5466.jpg\" data-id=\"1129\" data-link=\"https:\/\/krnica-villa-ana.com\/img_5466\/\" data-original-link=\"http:\/\/krnica-villa-ana.com\/wp-content\/uploads\/2023\/06\/IMG_5466.jpg\" class=\"wp-block-getwid-images-slider__image wp-image-1129\"\/><\/figure><\/div><div class=\"wp-block-getwid-images-slider__item\" style=\"height:500px\"><figure><img decoding=\"async\" src=\"http:\/\/krnica-villa-ana.com\/wp-content\/uploads\/2023\/06\/IMG_5494.jpg\" data-id=\"1122\" data-link=\"https:\/\/krnica-villa-ana.com\/img_5494\/\" data-original-link=\"http:\/\/krnica-villa-ana.com\/wp-content\/uploads\/2023\/06\/IMG_5494.jpg\" class=\"wp-block-getwid-images-slider__image wp-image-1122\"\/><\/figure><\/div><div class=\"wp-block-getwid-images-slider__item\" style=\"height:500px\"><figure><img decoding=\"async\" width=\"2048\" height=\"1536\" src=\"http:\/\/krnica-villa-ana.com\/wp-content\/uploads\/2023\/06\/7D768B4E-9F21-4088-904A-A68FD15DFB76_1_102_o-5.jpeg\" data-id=\"1112\" data-link=\"https:\/\/krnica-villa-ana.com\/index.php\/emplacement\/7d768b4e-9f21-4088-904a-a68fd15dfb76_1_102_o-5\/\" data-original-link=\"http:\/\/krnica-villa-ana.com\/wp-content\/uploads\/2023\/06\/7D768B4E-9F21-4088-904A-A68FD15DFB76_1_102_o-5.jpeg\" class=\"wp-block-getwid-images-slider__image wp-image-1112\" srcset=\"https:\/\/krnica-villa-ana.com\/wp-content\/uploads\/2023\/06\/7D768B4E-9F21-4088-904A-A68FD15DFB76_1_102_o-5.jpeg 2048w, https:\/\/krnica-villa-ana.com\/wp-content\/uploads\/2023\/06\/7D768B4E-9F21-4088-904A-A68FD15DFB76_1_102_o-5-300x225.jpeg 300w, https:\/\/krnica-villa-ana.com\/wp-content\/uploads\/2023\/06\/7D768B4E-9F21-4088-904A-A68FD15DFB76_1_102_o-5-1024x768.jpeg 1024w, https:\/\/krnica-villa-ana.com\/wp-content\/uploads\/2023\/06\/7D768B4E-9F21-4088-904A-A68FD15DFB76_1_102_o-5-768x576.jpeg 768w, https:\/\/krnica-villa-ana.com\/wp-content\/uploads\/2023\/06\/7D768B4E-9F21-4088-904A-A68FD15DFB76_1_102_o-5-1536x1152.jpeg 1536w\" sizes=\"(max-width: 2048px) 100vw, 2048px\" \/><\/figure><\/div><div class=\"wp-block-getwid-images-slider__item\" style=\"height:500px\"><figure><img decoding=\"async\" width=\"2048\" height=\"1536\" src=\"http:\/\/krnica-villa-ana.com\/wp-content\/uploads\/2023\/06\/F4457405-2E3A-47DA-AF99-1ADE1E6FC300_1_102_o.jpeg\" data-id=\"1053\" data-link=\"https:\/\/krnica-villa-ana.com\/index.php\/accueil\/f4457405-2e3a-47da-af99-1ade1e6fc300_1_102_o\/\" data-original-link=\"http:\/\/krnica-villa-ana.com\/wp-content\/uploads\/2023\/06\/F4457405-2E3A-47DA-AF99-1ADE1E6FC300_1_102_o.jpeg\" class=\"wp-block-getwid-images-slider__image wp-image-1053\" srcset=\"https:\/\/krnica-villa-ana.com\/wp-content\/uploads\/2023\/06\/F4457405-2E3A-47DA-AF99-1ADE1E6FC300_1_102_o.jpeg 2048w, https:\/\/krnica-villa-ana.com\/wp-content\/uploads\/2023\/06\/F4457405-2E3A-47DA-AF99-1ADE1E6FC300_1_102_o-300x225.jpeg 300w, https:\/\/krnica-villa-ana.com\/wp-content\/uploads\/2023\/06\/F4457405-2E3A-47DA-AF99-1ADE1E6FC300_1_102_o-1024x768.jpeg 1024w, https:\/\/krnica-villa-ana.com\/wp-content\/uploads\/2023\/06\/F4457405-2E3A-47DA-AF99-1ADE1E6FC300_1_102_o-768x576.jpeg 768w, https:\/\/krnica-villa-ana.com\/wp-content\/uploads\/2023\/06\/F4457405-2E3A-47DA-AF99-1ADE1E6FC300_1_102_o-1536x1152.jpeg 1536w\" sizes=\"(max-width: 2048px) 100vw, 2048px\" \/><\/figure><\/div><div class=\"wp-block-getwid-images-slider__item\" style=\"height:500px\"><figure><img loading=\"lazy\" decoding=\"async\" width=\"2048\" height=\"1536\" src=\"http:\/\/krnica-villa-ana.com\/wp-content\/uploads\/2023\/06\/0AB989CE-65B1-4D2D-B792-0522AE09797C_1_102_o.jpeg\" data-id=\"1050\" data-link=\"https:\/\/krnica-villa-ana.com\/index.php\/accueil\/0ab989ce-65b1-4d2d-b792-0522ae09797c_1_102_o\/\" data-original-link=\"http:\/\/krnica-villa-ana.com\/wp-content\/uploads\/2023\/06\/0AB989CE-65B1-4D2D-B792-0522AE09797C_1_102_o.jpeg\" class=\"wp-block-getwid-images-slider__image wp-image-1050\" srcset=\"https:\/\/krnica-villa-ana.com\/wp-content\/uploads\/2023\/06\/0AB989CE-65B1-4D2D-B792-0522AE09797C_1_102_o.jpeg 2048w, https:\/\/krnica-villa-ana.com\/wp-content\/uploads\/2023\/06\/0AB989CE-65B1-4D2D-B792-0522AE09797C_1_102_o-300x225.jpeg 300w, https:\/\/krnica-villa-ana.com\/wp-content\/uploads\/2023\/06\/0AB989CE-65B1-4D2D-B792-0522AE09797C_1_102_o-1024x768.jpeg 1024w, https:\/\/krnica-villa-ana.com\/wp-content\/uploads\/2023\/06\/0AB989CE-65B1-4D2D-B792-0522AE09797C_1_102_o-768x576.jpeg 768w, https:\/\/krnica-villa-ana.com\/wp-content\/uploads\/2023\/06\/0AB989CE-65B1-4D2D-B792-0522AE09797C_1_102_o-1536x1152.jpeg 1536w\" sizes=\"(max-width: 2048px) 100vw, 2048px\" \/><\/figure><\/div><div class=\"wp-block-getwid-images-slider__item\" style=\"height:500px\"><figure><img loading=\"lazy\" decoding=\"async\" width=\"1000\" height=\"562\" src=\"http:\/\/krnica-villa-ana.com\/wp-content\/uploads\/2023\/06\/Krnica1-3.jpg\" data-id=\"859\" data-link=\"https:\/\/krnica-villa-ana.com\/index.php\/les-plages\/krnica1-3\/\" data-original-link=\"http:\/\/krnica-villa-ana.com\/wp-content\/uploads\/2023\/06\/Krnica1-3.jpg\" class=\"wp-block-getwid-images-slider__image wp-image-859\" srcset=\"https:\/\/krnica-villa-ana.com\/wp-content\/uploads\/2023\/06\/Krnica1-3.jpg 1000w, https:\/\/krnica-villa-ana.com\/wp-content\/uploads\/2023\/06\/Krnica1-3-300x169.jpg 300w, https:\/\/krnica-villa-ana.com\/wp-content\/uploads\/2023\/06\/Krnica1-3-768x432.jpg 768w\" sizes=\"(max-width: 1000px) 100vw, 1000px\" \/><\/figure><\/div><div class=\"wp-block-getwid-images-slider__item\" style=\"height:500px\"><figure><img loading=\"lazy\" decoding=\"async\" width=\"1024\" height=\"576\" src=\"http:\/\/krnica-villa-ana.com\/wp-content\/uploads\/2023\/06\/938F45BF-1BBC-42BA-859A-FCFBA56F7A8B_1_105_c-1-edited.jpeg\" data-id=\"451\" data-link=\"https:\/\/krnica-villa-ana.com\/938f45bf-1bbc-42ba-859a-fcfba56f7a8b_1_105_c-1-2\/\" data-original-link=\"http:\/\/krnica-villa-ana.com\/wp-content\/uploads\/2023\/06\/938F45BF-1BBC-42BA-859A-FCFBA56F7A8B_1_105_c-1-edited.jpeg\" class=\"wp-block-getwid-images-slider__image wp-image-451\" srcset=\"https:\/\/krnica-villa-ana.com\/wp-content\/uploads\/2023\/06\/938F45BF-1BBC-42BA-859A-FCFBA56F7A8B_1_105_c-1-edited.jpeg 1024w, https:\/\/krnica-villa-ana.com\/wp-content\/uploads\/2023\/06\/938F45BF-1BBC-42BA-859A-FCFBA56F7A8B_1_105_c-1-edited-300x169.jpeg 300w, https:\/\/krnica-villa-ana.com\/wp-content\/uploads\/2023\/06\/938F45BF-1BBC-42BA-859A-FCFBA56F7A8B_1_105_c-1-edited-768x432.jpeg 768w\" sizes=\"(max-width: 1024px) 100vw, 1024px\" \/><\/figure><\/div><div class=\"wp-block-getwid-images-slider__item\" style=\"height:500px\"><figure><img loading=\"lazy\" decoding=\"async\" width=\"2560\" height=\"1920\" src=\"http:\/\/krnica-villa-ana.com\/wp-content\/uploads\/2023\/07\/IMG_5511-scaled.jpg\" data-id=\"2052\" data-link=\"https:\/\/krnica-villa-ana.com\/?attachment_id=2052\" data-original-link=\"http:\/\/krnica-villa-ana.com\/wp-content\/uploads\/2023\/07\/IMG_5511-scaled.jpg\" class=\"wp-block-getwid-images-slider__image wp-image-2052\" srcset=\"https:\/\/krnica-villa-ana.com\/wp-content\/uploads\/2023\/07\/IMG_5511-scaled.jpg 2560w, https:\/\/krnica-villa-ana.com\/wp-content\/uploads\/2023\/07\/IMG_5511-300x225.jpg 300w, https:\/\/krnica-villa-ana.com\/wp-content\/uploads\/2023\/07\/IMG_5511-1024x768.jpg 1024w, https:\/\/krnica-villa-ana.com\/wp-content\/uploads\/2023\/07\/IMG_5511-768x576.jpg 768w, https:\/\/krnica-villa-ana.com\/wp-content\/uploads\/2023\/07\/IMG_5511-1536x1152.jpg 1536w, https:\/\/krnica-villa-ana.com\/wp-content\/uploads\/2023\/07\/IMG_5511-2048x1536.jpg 2048w\" sizes=\"(max-width: 2560px) 100vw, 2560px\" \/><\/figure><\/div><div class=\"wp-block-getwid-images-slider__item\" style=\"height:500px\"><figure><img loading=\"lazy\" decoding=\"async\" width=\"2560\" height=\"1920\" src=\"http:\/\/krnica-villa-ana.com\/wp-content\/uploads\/2023\/07\/IMG_5471-scaled.jpg\" data-id=\"2053\" data-link=\"https:\/\/krnica-villa-ana.com\/?attachment_id=2053\" data-original-link=\"http:\/\/krnica-villa-ana.com\/wp-content\/uploads\/2023\/07\/IMG_5471-scaled.jpg\" class=\"wp-block-getwid-images-slider__image wp-image-2053\" srcset=\"https:\/\/krnica-villa-ana.com\/wp-content\/uploads\/2023\/07\/IMG_5471-scaled.jpg 2560w, https:\/\/krnica-villa-ana.com\/wp-content\/uploads\/2023\/07\/IMG_5471-300x225.jpg 300w, https:\/\/krnica-villa-ana.com\/wp-content\/uploads\/2023\/07\/IMG_5471-1024x768.jpg 1024w, https:\/\/krnica-villa-ana.com\/wp-content\/uploads\/2023\/07\/IMG_5471-768x576.jpg 768w, https:\/\/krnica-villa-ana.com\/wp-content\/uploads\/2023\/07\/IMG_5471-1536x1152.jpg 1536w, https:\/\/krnica-villa-ana.com\/wp-content\/uploads\/2023\/07\/IMG_5471-2048x1536.jpg 2048w\" sizes=\"(max-width: 2560px) 100vw, 2560px\" \/><\/figure><\/div><div class=\"wp-block-getwid-images-slider__item\" style=\"height:500px\"><figure><img loading=\"lazy\" decoding=\"async\" width=\"2560\" height=\"1920\" src=\"http:\/\/krnica-villa-ana.com\/wp-content\/uploads\/2023\/07\/IMG_5373-scaled.jpg\" data-id=\"2054\" data-link=\"https:\/\/krnica-villa-ana.com\/?attachment_id=2054\" data-original-link=\"http:\/\/krnica-villa-ana.com\/wp-content\/uploads\/2023\/07\/IMG_5373-scaled.jpg\" class=\"wp-block-getwid-images-slider__image wp-image-2054\" srcset=\"https:\/\/krnica-villa-ana.com\/wp-content\/uploads\/2023\/07\/IMG_5373-scaled.jpg 2560w, https:\/\/krnica-villa-ana.com\/wp-content\/uploads\/2023\/07\/IMG_5373-300x225.jpg 300w, https:\/\/krnica-villa-ana.com\/wp-content\/uploads\/2023\/07\/IMG_5373-1024x768.jpg 1024w, https:\/\/krnica-villa-ana.com\/wp-content\/uploads\/2023\/07\/IMG_5373-768x576.jpg 768w, https:\/\/krnica-villa-ana.com\/wp-content\/uploads\/2023\/07\/IMG_5373-1536x1152.jpg 1536w, https:\/\/krnica-villa-ana.com\/wp-content\/uploads\/2023\/07\/IMG_5373-2048x1536.jpg 2048w\" sizes=\"(max-width: 2560px) 100vw, 2560px\" \/><\/figure><\/div><div class=\"wp-block-getwid-images-slider__item\" style=\"height:500px\"><figure><img loading=\"lazy\" decoding=\"async\" width=\"2560\" height=\"1920\" src=\"http:\/\/krnica-villa-ana.com\/wp-content\/uploads\/2023\/07\/IMG_5480-scaled.jpg\" data-id=\"2055\" data-link=\"https:\/\/krnica-villa-ana.com\/?attachment_id=2055\" data-original-link=\"http:\/\/krnica-villa-ana.com\/wp-content\/uploads\/2023\/07\/IMG_5480-scaled.jpg\" class=\"wp-block-getwid-images-slider__image wp-image-2055\" srcset=\"https:\/\/krnica-villa-ana.com\/wp-content\/uploads\/2023\/07\/IMG_5480-scaled.jpg 2560w, https:\/\/krnica-villa-ana.com\/wp-content\/uploads\/2023\/07\/IMG_5480-300x225.jpg 300w, https:\/\/krnica-villa-ana.com\/wp-content\/uploads\/2023\/07\/IMG_5480-1024x768.jpg 1024w, https:\/\/krnica-villa-ana.com\/wp-content\/uploads\/2023\/07\/IMG_5480-768x576.jpg 768w, https:\/\/krnica-villa-ana.com\/wp-content\/uploads\/2023\/07\/IMG_5480-1536x1152.jpg 1536w, https:\/\/krnica-villa-ana.com\/wp-content\/uploads\/2023\/07\/IMG_5480-2048x1536.jpg 2048w\" sizes=\"(max-width: 2560px) 100vw, 2560px\" \/><\/figure><\/div><div class=\"wp-block-getwid-images-slider__item\" style=\"height:500px\"><figure><img loading=\"lazy\" decoding=\"async\" width=\"2560\" height=\"1920\" src=\"http:\/\/krnica-villa-ana.com\/wp-content\/uploads\/2023\/07\/IMG_5505-scaled.jpg\" data-id=\"2056\" data-link=\"https:\/\/krnica-villa-ana.com\/?attachment_id=2056\" data-original-link=\"http:\/\/krnica-villa-ana.com\/wp-content\/uploads\/2023\/07\/IMG_5505-scaled.jpg\" class=\"wp-block-getwid-images-slider__image wp-image-2056\" srcset=\"https:\/\/krnica-villa-ana.com\/wp-content\/uploads\/2023\/07\/IMG_5505-scaled.jpg 2560w, https:\/\/krnica-villa-ana.com\/wp-content\/uploads\/2023\/07\/IMG_5505-300x225.jpg 300w, https:\/\/krnica-villa-ana.com\/wp-content\/uploads\/2023\/07\/IMG_5505-1024x768.jpg 1024w, https:\/\/krnica-villa-ana.com\/wp-content\/uploads\/2023\/07\/IMG_5505-768x576.jpg 768w, https:\/\/krnica-villa-ana.com\/wp-content\/uploads\/2023\/07\/IMG_5505-1536x1152.jpg 1536w, https:\/\/krnica-villa-ana.com\/wp-content\/uploads\/2023\/07\/IMG_5505-2048x1536.jpg 2048w\" sizes=\"(max-width: 2560px) 100vw, 2560px\" \/><\/figure><\/div><\/div><\/div>\n\n\n\n<p>Istra, poluotok smje\u0161ten na sjeverozapadu Hrvatske, obiluje predivnim pla\u017eama s kristalno \u010distim vodama i zadivljuju\u0107im krajolicima. Evo popisa 10 najljep\u0161ih pla\u017ea Istre:<\/p>\n\n\n\n<ul class=\"wp-block-list\">\n<li>Pla\u017ea Punta Kamenjak: Smje\u0161tena u prirodnom parku Kamenjak, ova pla\u017ea nudi tirkizno plavo more i netaknutu prirodu s izoliranim uvalama i impresivnim liticama.<\/li>\n\n\n\n<li>Pla\u017ea Rovinj: U \u0161armantnom gradu Rovinju, prona\u0107i \u0107ete slikovite pla\u017ee okru\u017eene \u0161arenim ku\u0107ama i \u017eivahnom atmosferom. Pla\u017ea Lone Bay je posebno popularna.<\/li>\n\n\n\n<li>Pla\u017ea Pula: Grad Pula je poznat po svom rimskom amfiteatru, ali nudi i predivne pla\u017ee. Pla\u017ea Verudela je jedna od najpopularnijih, s finim pijeskom i kristalno \u010distim vodama.<\/li>\n\n\n\n<li>Pla\u017ea Rabac: Ovo slikovito ljetovali\u0161te ima prekrasne pla\u017ee okru\u017eene bujnom vegetacijom. Pla\u017ea Girandella se \u010desto smatra jednom od najljep\u0161ih.<\/li>\n\n\n\n<li>Pla\u017ea Medulin: Ovo popularno ljetovali\u0161te ima nekoliko pla\u017ea s finim pijeskom. Pla\u017ea Bijeca, s prostranom obalom i plitkim vodama, idealna je za obitelji.<\/li>\n\n\n\n<li>Pla\u017ea Umag: Smje\u0161tena blizu slovenske granice, Umag nudi prekrasne pla\u017ee okru\u017eene borovom \u0161umom. Pla\u017ea Katoro se \u010desto isti\u010de po svojoj prirodnoj ljepoti.<\/li>\n\n\n\n<li>Pla\u017ea Novigrad: U ovom \u0161armantnom primorskom gradu nalaze se mirne i netaknute pla\u017ee. Pla\u017ea Karpinjan je popularan izbor zbog svoje mirno\u0107e.<\/li>\n\n\n\n<li>Pla\u017ea Vrsar: Ovaj mali primorski grad ima prekrasne pla\u017ee smje\u0161tene u za\u0161ti\u0107enim uvalama. Pla\u017ea Valkanela je cijenjena zbog svog netaknutog prirodnog okru\u017eenja.<\/li>\n\n\n\n<li>Pla\u017ea Savudrija: Blizu slovenske granice, ovo podru\u010dje nudi mirne i netaknute pla\u017ee. Pla\u017ea Kanegra je poznata po svojoj prirodnoj ljepoti i mirnoj atmosferi.<\/li>\n\n\n\n<li>Pla\u017ea Premantura: Smje\u0161tena u blizini prirodnog parka Kamenjak, ovo podru\u010dje nudi divlje i netaknute pla\u017ee. Pla\u017ea Debeljak je cijenjena zbog svog finog pijeska i bistre vode.<\/li>\n<\/ul>\n\n\n\n<p>Ove pla\u017ee nude jedinstvene krajolike i raznolika iskustva na pla\u017ei, osiguravaju\u0107i nezaboravne trenutke u Istri.<\/p>\n","protected":false},"excerpt":{"rendered":"<p>Istra, poluotok smje\u0161ten na sjeverozapadu Hrvatske, obiluje predivnim pla\u017eama s kristalno \u010distim vodama i zadivljuju\u0107im krajolicima. Evo popisa 10 najljep\u0161ih pla\u017ea Istre: Ove pla\u017ee nude jedinstvene krajolike i raznolika iskustva na pla\u017ei, osiguravaju\u0107i nezaboravne trenutke u Istri.<\/p>\n","protected":false},"author":1,"featured_media":0,"parent":0,"menu_order":0,"comment_status":"closed","ping_status":"closed","template":"","meta":{"_monsterinsights_skip_tracking":false,"_monsterinsights_sitenote_active":false,"_monsterinsights_sitenote_note":"","_monsterinsights_sitenote_category":0,"footnotes":""},"class_list":["post-1637","page","type-page","status-publish","hentry"],"_links":{"self":[{"href":"https:\/\/krnica-villa-ana.com\/index.php\/wp-json\/wp\/v2\/pages\/1637","targetHints":{"allow":["GET"]}}],"collection":[{"href":"https:\/\/krnica-villa-ana.com\/index.php\/wp-json\/wp\/v2\/pages"}],"about":[{"href":"https:\/\/krnica-villa-ana.com\/index.php\/wp-json\/wp\/v2\/types\/page"}],"author":[{"embeddable":true,"href":"https:\/\/krnica-villa-ana.com\/index.php\/wp-json\/wp\/v2\/users\/1"}],"replies":[{"embeddable":true,"href":"https:\/\/krnica-villa-ana.com\/index.php\/wp-json\/wp\/v2\/comments?post=1637"}],"version-history":[{"count":3,"href":"https:\/\/krnica-villa-ana.com\/index.php\/wp-json\/wp\/v2\/pages\/1637\/revisions"}],"predecessor-version":[{"id":2061,"href":"https:\/\/krnica-villa-ana.com\/index.php\/wp-json\/wp\/v2\/pages\/1637\/revisions\/2061"}],"wp:attachment":[{"href":"https:\/\/krnica-villa-ana.com\/index.php\/wp-json\/wp\/v2\/media?parent=1637"}],"curies":[{"name":"wp","href":"https:\/\/api.w.org\/{rel}","templated":true}]}}