{"id":876,"date":"2023-06-07T20:13:44","date_gmt":"2023-06-07T18:13:44","guid":{"rendered":"https:\/\/krnica-villa-ana.com\/?page_id=876"},"modified":"2023-07-01T14:07:22","modified_gmt":"2023-07-01T12:07:22","slug":"876-2","status":"publish","type":"page","link":"https:\/\/krnica-villa-ana.com\/index.php\/de\/876-2\/","title":{"rendered":"Willkommen"},"content":{"rendered":"<div class=\"wp-block-image\">\n<figure class=\"aligncenter size-large is-resized\"><img fetchpriority=\"high\" decoding=\"async\" src=\"https:\/\/krnica-villa-ana.com\/wp-content\/uploads\/2023\/06\/IMG_5327-1-edited-scaled.jpg\" alt=\"\" class=\"wp-image-1215\" width=\"767\" height=\"432\" srcset=\"https:\/\/krnica-villa-ana.com\/wp-content\/uploads\/2023\/06\/IMG_5327-1-edited-scaled.jpg 2560w, https:\/\/krnica-villa-ana.com\/wp-content\/uploads\/2023\/06\/IMG_5327-1-edited-300x169.jpg 300w, https:\/\/krnica-villa-ana.com\/wp-content\/uploads\/2023\/06\/IMG_5327-1-edited-1024x576.jpg 1024w, https:\/\/krnica-villa-ana.com\/wp-content\/uploads\/2023\/06\/IMG_5327-1-edited-768x432.jpg 768w, https:\/\/krnica-villa-ana.com\/wp-content\/uploads\/2023\/06\/IMG_5327-1-edited-1536x864.jpg 1536w, https:\/\/krnica-villa-ana.com\/wp-content\/uploads\/2023\/06\/IMG_5327-1-edited-2048x1152.jpg 2048w\" sizes=\"(max-width: 767px) 100vw, 767px\" \/><\/figure>\n<\/div>\n\n\n<blockquote class=\"wp-block-quote is-layout-flow wp-block-quote-is-layout-flow\">\n<p class=\"has-text-align-center\">Im Herzen der wundersch\u00f6nen Region Istrien hat unsere Familie sich in einen bezaubernden, typisch istrianischen Steinhaus verliebt, das in einem charmanten Dorf in Kroatien liegt und von der Adriak\u00fcste umgeben ist. Dieses Haus ist weit mehr als nur ein Ort zum \u00dcbernachten. Es ist eine immersive Erfahrung, die traditionellen Charme, modernen Komfort, Meerblick und die N\u00e4he zur unber\u00fchrten Natur vereint. Ob f\u00fcr einen Familienurlaub, einen romantischen Ausflug oder einen friedlichen R\u00fcckzugsort, dieses Haus bietet einen Zufluchtsort der Ruhe, an dem man sich erholen, mit der umgebenden Natur verbinden und unvergessliche Erinnerungen schaffen kann. Wir sind sicher, dass auch Sie sich in diese Region verlieben werden!<\/p>\n<\/blockquote>\n","protected":false},"excerpt":{"rendered":"<p>Im Herzen der wundersch\u00f6nen Region Istrien hat unsere Familie sich in einen bezaubernden, typisch istrianischen Steinhaus verliebt, das in einem charmanten Dorf in Kroatien liegt und von der Adriak\u00fcste umgeben ist. Dieses Haus ist weit mehr als nur ein Ort zum \u00dcbernachten. Es ist eine immersive Erfahrung, die traditionellen Charme, modernen Komfort, Meerblick und die [&hellip;]<\/p>\n","protected":false},"author":1,"featured_media":0,"parent":0,"menu_order":0,"comment_status":"closed","ping_status":"closed","template":"","meta":{"_monsterinsights_skip_tracking":false,"_monsterinsights_sitenote_active":false,"_monsterinsights_sitenote_note":"","_monsterinsights_sitenote_category":0,"footnotes":""},"class_list":["post-876","page","type-page","status-publish","hentry"],"_links":{"self":[{"href":"https:\/\/krnica-villa-ana.com\/index.php\/wp-json\/wp\/v2\/pages\/876","targetHints":{"allow":["GET"]}}],"collection":[{"href":"https:\/\/krnica-villa-ana.com\/index.php\/wp-json\/wp\/v2\/pages"}],"about":[{"href":"https:\/\/krnica-villa-ana.com\/index.php\/wp-json\/wp\/v2\/types\/page"}],"author":[{"embeddable":true,"href":"https:\/\/krnica-villa-ana.com\/index.php\/wp-json\/wp\/v2\/users\/1"}],"replies":[{"embeddable":true,"href":"https:\/\/krnica-villa-ana.com\/index.php\/wp-json\/wp\/v2\/comments?post=876"}],"version-history":[{"count":10,"href":"https:\/\/krnica-villa-ana.com\/index.php\/wp-json\/wp\/v2\/pages\/876\/revisions"}],"predecessor-version":[{"id":1356,"href":"https:\/\/krnica-villa-ana.com\/index.php\/wp-json\/wp\/v2\/pages\/876\/revisions\/1356"}],"wp:attachment":[{"href":"https:\/\/krnica-villa-ana.com\/index.php\/wp-json\/wp\/v2\/media?parent=876"}],"curies":[{"name":"wp","href":"https:\/\/api.w.org\/{rel}","templated":true}]}}