{"id":907,"date":"2023-06-07T21:35:18","date_gmt":"2023-06-07T19:35:18","guid":{"rendered":"https:\/\/krnica-villa-ana.com\/?page_id=907"},"modified":"2023-07-01T14:51:34","modified_gmt":"2023-07-01T12:51:34","slug":"krnica-de","status":"publish","type":"page","link":"https:\/\/krnica-villa-ana.com\/index.php\/de\/krnica-de\/","title":{"rendered":"Krnica Dorf"},"content":{"rendered":"\n<p>Umgeben von gr\u00fcnen Landschaften und \u00fcppigen Weinbergen bietet Krnica absolute Ruhe, fernab vom Trubel \u00fcberf\u00fcllter Badeorte.<\/p>\n\n\n\n<p>Dieses malerische Dorf ist ein wahres Paradies f\u00fcr Naturliebhaber und Liebhaber von Authentizit\u00e4t, wo Sie traditionelle Steinh\u00e4user bewundern und die warme und freundliche Atmosph\u00e4re hier aufnehmen k\u00f6nnen.<\/p>\n\n\n\n<p>Die lokale Gastronomie in Krnica sollte nicht verpasst werden. Die Restaurants und Konobas (traditionelle Tavernen) verw\u00f6hnen Sie mit k\u00f6stlichen Gerichten, die frische Produkte und mediterrane Aromen betonen.<\/p>\n\n\n\n<p>Die unber\u00fchrten Str\u00e4nde von Krnica sind ein wahrer Schatz f\u00fcr Schwimm- und Tauchbegeisterte. Das kristallklare Wasser der Adria bietet au\u00dfergew\u00f6hnliche M\u00f6glichkeiten zur Erkundung unter Wasser. Sie k\u00f6nnen auch Bootsfahrten entlang der spektakul\u00e4ren K\u00fcste genie\u00dfen, wo geheime Buchten und mysteri\u00f6se H\u00f6hlen auf Sie warten.<\/p>\n\n\n\n<p>Entdecken Sie dieses bezaubernde Dorf und lassen Sie sich von seiner nat\u00fcrlichen Sch\u00f6nheit und seiner erhaltenen Authentizit\u00e4t verf\u00fchren!<\/p>\n\n\n\n<hr class=\"wp-block-separator has-alpha-channel-opacity\"\/>\n\n\n\n<h2 class=\"wp-block-heading has-text-align-center\">Restaurants in Krnica<\/h2>\n\n\n\n<div class=\"wp-block-buttons is-content-justification-center is-layout-flex wp-container-core-buttons-is-layout-16018d1d wp-block-buttons-is-layout-flex\">\n<div class=\"wp-block-button\"><a class=\"wp-block-button__link wp-element-button\" href=\"https:\/\/kum.business.site\/posts\/4523458915841084036?hl=hr\">Bistro Pizzeria Kum<\/a><\/div>\n\n\n\n<div class=\"wp-block-button\"><a class=\"wp-block-button__link wp-element-button\" href=\"https:\/\/www.konoba-darocco.com\">Konoba Darocco<\/a><\/div>\n\n\n\n<div class=\"wp-block-button\"><a class=\"wp-block-button__link wp-element-button\" href=\"facebook.com\/KrnickiPorat\/\">Restaurant PortoRiko<\/a><\/div>\n\n\n\n<div class=\"wp-block-button\"><a class=\"wp-block-button__link wp-element-button\" href=\"krnica-caffee-bar-jeanette-bepo-bar.business.site\">Grill Pizzeria Janette<\/a><\/div>\n\n\n\n<div class=\"wp-block-button\"><a class=\"wp-block-button__link wp-element-button\" href=\"facebook.com\/svetimikularestoran\/\">Restaurant Sveti Mikulam<\/a><\/div>\n<\/div>\n\n\n\n<hr class=\"wp-block-separator has-alpha-channel-opacity\"\/>\n\n\n<div class=\"wp-block-image\">\n<figure class=\"aligncenter size-full\"><img fetchpriority=\"high\" decoding=\"async\" width=\"800\" height=\"600\" src=\"https:\/\/krnica-villa-ana.com\/wp-content\/uploads\/2023\/07\/IMG_5313-5.png\" alt=\"\" class=\"wp-image-1376\" srcset=\"https:\/\/krnica-villa-ana.com\/wp-content\/uploads\/2023\/07\/IMG_5313-5.png 800w, https:\/\/krnica-villa-ana.com\/wp-content\/uploads\/2023\/07\/IMG_5313-5-300x225.png 300w, https:\/\/krnica-villa-ana.com\/wp-content\/uploads\/2023\/07\/IMG_5313-5-768x576.png 768w\" sizes=\"(max-width: 800px) 100vw, 800px\" \/><\/figure>\n<\/div>","protected":false},"excerpt":{"rendered":"<p>Umgeben von gr\u00fcnen Landschaften und \u00fcppigen Weinbergen bietet Krnica absolute Ruhe, fernab vom Trubel \u00fcberf\u00fcllter Badeorte. Dieses malerische Dorf ist ein wahres Paradies f\u00fcr Naturliebhaber und Liebhaber von Authentizit\u00e4t, wo Sie traditionelle Steinh\u00e4user bewundern und die warme und freundliche Atmosph\u00e4re hier aufnehmen k\u00f6nnen. Die lokale Gastronomie in Krnica sollte nicht verpasst werden. Die Restaurants und [&hellip;]<\/p>\n","protected":false},"author":1,"featured_media":0,"parent":0,"menu_order":0,"comment_status":"closed","ping_status":"closed","template":"","meta":{"_monsterinsights_skip_tracking":false,"_monsterinsights_sitenote_active":false,"_monsterinsights_sitenote_note":"","_monsterinsights_sitenote_category":0,"footnotes":""},"class_list":["post-907","page","type-page","status-publish","hentry"],"_links":{"self":[{"href":"https:\/\/krnica-villa-ana.com\/index.php\/wp-json\/wp\/v2\/pages\/907","targetHints":{"allow":["GET"]}}],"collection":[{"href":"https:\/\/krnica-villa-ana.com\/index.php\/wp-json\/wp\/v2\/pages"}],"about":[{"href":"https:\/\/krnica-villa-ana.com\/index.php\/wp-json\/wp\/v2\/types\/page"}],"author":[{"embeddable":true,"href":"https:\/\/krnica-villa-ana.com\/index.php\/wp-json\/wp\/v2\/users\/1"}],"replies":[{"embeddable":true,"href":"https:\/\/krnica-villa-ana.com\/index.php\/wp-json\/wp\/v2\/comments?post=907"}],"version-history":[{"count":5,"href":"https:\/\/krnica-villa-ana.com\/index.php\/wp-json\/wp\/v2\/pages\/907\/revisions"}],"predecessor-version":[{"id":1379,"href":"https:\/\/krnica-villa-ana.com\/index.php\/wp-json\/wp\/v2\/pages\/907\/revisions\/1379"}],"wp:attachment":[{"href":"https:\/\/krnica-villa-ana.com\/index.php\/wp-json\/wp\/v2\/media?parent=907"}],"curies":[{"name":"wp","href":"https:\/\/api.w.org\/{rel}","templated":true}]}}